60.
5
What is the highest common factor of 949 and 10922990?
949
Calculate the greatest common divisor of 808529351 and 339.
113
Calculate the greatest common divisor of 751494 and 172437.
753
Calculate the greatest common divisor of 144245 and 170.
85
Calculate the greatest common divisor of 63 and 147901908.
21
Calculate the greatest common factor of 9472880 and 120.
40
Calculate the greatest common factor of 362349 and 49389.
489
What is the greatest common factor of 153819 and 405?
81
Calculate the highest common divisor of 49220 and 241820.
2140
What is the highest common factor of 6249694 and 66?
22
Calculate the highest common divisor of 14065 and 348.
29
What is the highest common divisor of 628727423 and 2242?
1121
What is the highest common factor of 1555520 and 38080?
320
What is the greatest common divisor of 6353180 and 45820?
1580
Calculate the greatest common divisor of 17857 and 7364.
7
What is the highest common divisor of 672 and 40599426?
42
What is the highest common factor of 50804897 and 49764?
4147
What is the greatest common factor of 309582972 and 39504?
9876
What is the greatest common divisor of 43881502 and 4326?
1442
Calculate the greatest common factor of 86 and 44930528.
86
What is the greatest common divisor of 364 and 2148523?
13
What is the greatest common factor of 164353 and 106901?
53
What is the highest common divisor of 297975 and 12180?
435
What is the highest common factor of 2285 and 580495?
5
Calculate the highest common divisor of 12704076 and 3654.
126
What is the highest common factor of 8708219 and 182?
13
What is the highest common divisor of 27248337 and 2907?
171
Calculate the highest common factor of 7472306 and 4.
2
Calculate the highest common factor of 9668922 and 568.
142
Calculate the highest common divisor of 20860 and 489440.
140
Calculate the highest common divisor of 26288 and 3252928.
848
Calculate the highest common factor of 102158767 and 1454.
727
What is the greatest common divisor of 2968 and 143033432?
424
Calculate the highest common divisor of 51742 and 213278.
1262
Calculate the greatest common factor of 7785 and 14295.
15
Calculate the highest common factor of 33700 and 2969644.
1348
Calculate the greatest common factor of 3815 and 2222500.
35
Calculate the highest common factor of 59787 and 357312735.
8541
What is the highest common divisor of 1827 and 79441092?
261
What is the greatest common divisor of 26 and 1964249261?
13
Calculate the greatest common divisor of 721188 and 341757.
2691
Calculate the greatest common factor of 31685482 and 856.
214
What is the greatest common divisor of 56 and 25233124?
28
Calculate the highest common factor of 128329 and 16109.
181
Calculate the greatest common factor of 276500 and 55616.
316
Calculate the greatest common divisor of 7581805 and 49861.
2933
What is the highest common factor of 349 and 7352383?
349
Calculate the highest common factor of 28325 and 160577.
103
What is the greatest common factor of 4843400 and 3800?
200
Calculate the highest common divisor of 580 and 86640748.
116
Calculate the greatest common factor of 178 and 14264.
2
Calculate the greatest common divisor of 7582578 and 61778.
2686
What is the greatest common divisor of 80520 and 3400815?
165
What is the highest common divisor of 2653 and 222386209?
379
Calculate the highest common factor of 26651158 and 207.
23
What is the greatest common divisor of 15 and 42379835?
5
Calculate the greatest common divisor of 1117819835 and 4906.
2453
What is the greatest common divisor of 25026159 and 2958?
1479
Calculate the greatest common factor of 15949989 and 365.
73
Calculate the highest common factor of 22313 and 2143311.
421
Calculate the highest common factor of 3 and 2816553.
3
Calculate the greatest common factor of 497 and 19035526.
71
Calculate the greatest common factor of 3859097 and 149699.
341
What is the highest common divisor of 8967 and 6552132?
183
What is the highest common divisor of 2623 and 570777?
61
What is the greatest common divisor of 338732054 and 6772?
3386
What is the greatest common divisor of 18177834 and 3816?
318
What is the greatest common factor of 728 and 61090744?
104
What is the greatest common factor of 9976 and 165008028?
4988
What is the highest common factor of 87581 and 871?
13
What is the greatest common factor of 67680 and 7290?
90
Calculate the greatest common divisor of 195674 and 844894.
454
What is the highest common divisor of 122237 and 8032?
251
What is the highest common factor of 68435541 and 218?
109
Calculate the highest common divisor of 353125 and 145.
5
Calculate the highest common divisor of 105 and 19369050.
15
Calculate the greatest common divisor of 132 and 20743356.
12
Calculate the greatest common divisor of 52 and 396844370.
26
Calculate the highest common factor of 2583 and 4007241.
63
What is the highest common factor of 93758 and 94794?
518
What is the highest common divisor of 559172120 and 2405?
2405
What is the highest common divisor of 4302021 and 387?
129
What is the greatest common divisor of 22347610 and 722?
38
What is the highest common factor of 42336195 and 28425?
5685
Calculate the highest common factor of 31560 and 58760.
40
Calculate the highest common factor of 375160 and 371205.
565
What is the greatest common divisor of 8494 and 166181?
137
What is the highest common divisor of 17 and 175391737?
17
Calculate the highest common divisor of 205257403 and 4303.
4303
Calculate the greatest common factor of 417 and 52380065.
139
Calculate the greatest common divisor of 20900 and 512000.
100
Calculate the greatest common divisor of 1164 and 1070843916.
1164
What is the greatest common factor of 2705157 and 594?
27
What is the highest common factor of 16059 and 260124?
159
Calculate the greatest common divisor of 238871 and 106.
53
What is the highest common divisor of 943 and 1244604405?
943
What is the greatest common factor of 1830 and 1705380?
30
Calculate the greatest common divisor of 2259479 and 148.
37
Calculate the greatest common factor of 441 and 421119720.
441
What is the highest common divisor of 132314136 and 40?
8
Calculate the highest common divisor of 75961952 and 352.
352
Calculate the highest common factor of 1630 and 6821713.
163
What is the greatest common factor of 412 and 452582?
206
Calculate the greatest common factor of 71425 and 63988229.
2857
What is the greatest common divisor of 2 and 1674379?
1
Calculate the greatest common factor of 217020079 and 1479.
493
Calculate the greatest common factor of 84 and 2402460.
12
What is the greatest common factor of 1248185 and 47052?
1307
Calculate the greatest common divisor of 121 and 43401127.
121
Calculate the greatest common divisor of 2233 and 3253800.
319
Calculate the greatest common factor of 671240 and 3876930.
1730
What is the highest common divisor of 175 and 81565925?
175
Calculate the greatest common factor of 12875 and 26515.
5
What is the highest common divisor of 10815 and 80190135?
1545
What is the greatest common factor of 4572188 and 4?
4
Calculate the greatest common factor of 541506017 and 334.
167
What is the greatest common divisor of 1980 and 139624980?
660
What is the highest common divisor of 3970569 and 6024?
753
What is the greatest common divisor of 5465650 and 2350?
50
What is the greatest common divisor of 9378 and 17431618?
1042
Calculate the greatest common factor of 27 and 14230863.
27
What is the greatest common divisor of 142960 and 2840?
40
What is the greatest common factor of 17236 and 899?
31
What is the highest common divisor of 1067804 and 188887?
697
What is the greatest common divisor of 400 and 1471450?
50
What is the highest common factor of 2530 and 322834072?
506
Calculate the highest common factor of 4105818 and 424996.
1486
What is the greatest common divisor of 100372048 and 3472?
3472
What is the highest common factor of 118207 and 134701?
2749
Calculate the highest common divisor of 638 and 1340438.
638
Calculate the greatest common factor of 1176 and 2406684.
588
What is the highest common factor of 246 and 812643?
3
Calculate the greatest common divisor of 6876602 and 5576.
1394
What is the highest common divisor of 11032 and 56028376?
1576
Calculate the highest c